{"id":608,"date":"2023-03-21T01:20:20","date_gmt":"2023-03-21T00:20:20","guid":{"rendered":"https:\/\/castingsonline.topmodelinternationalofficial.com\/?page_id=608"},"modified":"2023-03-24T18:22:17","modified_gmt":"2023-03-24T17:22:17","slug":"politique-vie-privee-kids","status":"publish","type":"page","link":"https:\/\/castingsonline.topmodelinternationalofficial.com\/index.php\/kids\/politique-vie-privee-kids\/","title":{"rendered":"Politique Vie Priv\u00e9e KIDS"},"content":{"rendered":"\t\t<div data-elementor-type=\"wp-page\" data-elementor-id=\"608\" class=\"elementor elementor-608\">\n\t\t\t\t\t\t<section class=\"elementor-section elementor-top-section elementor-element elementor-element-f22c391 elementor-section-stretched elementor-section-boxed elementor-section-height-default elementor-section-height-default\" data-id=\"f22c391\" data-element_type=\"section\" data-settings=\"{&quot;stretch_section&quot;:&quot;section-stretched&quot;,&quot;background_background&quot;:&quot;classic&quot;}\">\n\t\t\t\t\t\t<div class=\"elementor-container elementor-column-gap-default\">\n\t\t\t\t\t<div class=\"elementor-column elementor-col-100 elementor-top-column elementor-element elementor-element-f094733\" data-id=\"f094733\" data-element_type=\"column\">\n\t\t\t<div class=\"elementor-widget-wrap elementor-element-populated\">\n\t\t\t\t\t\t<div class=\"elementor-element elementor-element-fd62380 elementor-widget elementor-widget-heading\" data-id=\"fd62380\" data-element_type=\"widget\" data-widget_type=\"heading.default\">\n\t\t\t\t<div class=\"elementor-widget-container\">\n\t\t\t\t\t<h2 class=\"elementor-heading-title elementor-size-default\">Politique vie priv\u00e9e \/ Politique vie priv\u00e9e<\/h2>\t\t\t\t<\/div>\n\t\t\t\t<\/div>\n\t\t\t\t\t<\/div>\n\t\t<\/div>\n\t\t\t\t\t<\/div>\n\t\t<\/section>\n\t\t\t\t<section class=\"elementor-section elementor-top-section elementor-element elementor-element-16caa04 elementor-section-stretched elementor-section-boxed elementor-section-height-default elementor-section-height-default\" data-id=\"16caa04\" data-element_type=\"section\" data-settings=\"{&quot;stretch_section&quot;:&quot;section-stretched&quot;,&quot;background_background&quot;:&quot;classic&quot;}\">\n\t\t\t\t\t\t<div class=\"elementor-container elementor-column-gap-default\">\n\t\t\t\t\t<div class=\"elementor-column elementor-col-100 elementor-top-column elementor-element elementor-element-5d30227\" data-id=\"5d30227\" data-element_type=\"column\">\n\t\t\t<div class=\"elementor-widget-wrap elementor-element-populated\">\n\t\t\t\t\t\t<div class=\"elementor-element elementor-element-5d2a942 elementor-tabs-view-horizontal elementor-widget elementor-widget-tabs\" data-id=\"5d2a942\" data-element_type=\"widget\" data-widget_type=\"tabs.default\">\n\t\t\t\t<div class=\"elementor-widget-container\">\n\t\t\t\t\t\t\t<div class=\"elementor-tabs\">\n\t\t\t<div class=\"elementor-tabs-wrapper\" role=\"tablist\" >\n\t\t\t\t\t\t\t\t\t<div id=\"elementor-tab-title-9761\" class=\"elementor-tab-title elementor-tab-desktop-title\" aria-selected=\"true\" data-tab=\"1\" role=\"tab\" tabindex=\"0\" aria-controls=\"elementor-tab-content-9761\" aria-expanded=\"false\">Fran\u00e7ais<\/div>\n\t\t\t\t\t\t\t\t\t<div id=\"elementor-tab-title-9762\" class=\"elementor-tab-title elementor-tab-desktop-title\" aria-selected=\"false\" data-tab=\"2\" role=\"tab\" tabindex=\"-1\" aria-controls=\"elementor-tab-content-9762\" aria-expanded=\"false\">Nederlands<\/div>\n\t\t\t\t\t\t\t<\/div>\n\t\t\t<div class=\"elementor-tabs-content-wrapper\" role=\"tablist\" aria-orientation=\"vertical\">\n\t\t\t\t\t\t\t\t\t<div class=\"elementor-tab-title elementor-tab-mobile-title\" aria-selected=\"true\" data-tab=\"1\" role=\"tab\" tabindex=\"0\" aria-controls=\"elementor-tab-content-9761\" aria-expanded=\"false\">Fran\u00e7ais<\/div>\n\t\t\t\t\t<div id=\"elementor-tab-content-9761\" class=\"elementor-tab-content elementor-clearfix\" data-tab=\"1\" role=\"tabpanel\" aria-labelledby=\"elementor-tab-title-9761\" tabindex=\"0\" hidden=\"false\"><p><strong>Politique vie priv\u00e9e<\/strong><\/p><p>Le site TOP MODEL INTERNATIONAL (<a href=\"http:\/\/www.topmodelinternational.com\/\">www.topmodelinternational.com<\/a>) est \u00e9dit\u00e9 par VIP EVENTS SAINT-TROPEZ SARL. La VIP EVENTS SAINT-TROPEZ SARLest responsable du traitement de vos donn\u00e9es personnelles.<\/p><p>Les \u00e9ventuelles donn\u00e9es \u00e0 caract\u00e8re personnel communiqu\u00e9es sur le Site sont trait\u00e9es en conformit\u00e9 avec la r\u00e9glementation nationale applicable en la mati\u00e8re.<\/p><p>Le Site traite vos donn\u00e9es \u00e0 caract\u00e8re personnel conform\u00e9ment au R\u00e8glement (UE) 2016\/679 du Parlement europ\u00e9en et du Conseil du 27 avril 2016 relatif \u00e0 la protection des personnes physiques \u00e0 l\u2019\u00e9gard du traitement des donn\u00e9es \u00e0 caract\u00e8re personnel et \u00e0 la libre circulation de ces donn\u00e9es, et abrogeant la directive 95\/46\/CE (r\u00e8glement g\u00e9n\u00e9ral sur la protection des donn\u00e9es).<\/p><p>La base l\u00e9gale du traitement est la relation entre l\u2019\u00c9diteur et le candidat aux castings et concours organis\u00e9s par l\u2019\u00c9diteur conform\u00e9ment \u00e0 notre R\u00e8glement dans la mesure o\u00f9 le recueil des donn\u00e9es est obligatoire pour participer au casting et concours ainsi que pour l\u2019ex\u00e9cution des futurs contrats. Les informations personnelles recueillies peuvent inclure votre nom, adresse postale et\/ou \u00e9lectronique, num\u00e9ro de t\u00e9l\u00e9phone fixe et\/ou portable, informations bancaires, informations sur votre apparence physique, photographie, annonce vocale, vid\u00e9o, vos centres d&#8217;int\u00e9r\u00eat et votre utilisation du service.\u00a0<\/p><p>En outre, il peut \u00eatre demand\u00e9 \u00e0 l\u2019internaute qui utilise le site (www.topmodelinternational.com) de fournir certaines donn\u00e9es telles que nom, adresse postale, adresse de courrier \u00e9lectronique, t\u00e9l\u00e9phone, et autres donn\u00e9es, tels les pays et commune de r\u00e9sidence ou toute autre information que l\u2019Utilisateur indiquera par le biais de formulaires pr\u00e9vus \u00e0 cet effet. Certaines informations non personnelles peuvent \u00eatre recueillies comme la version du navigateur du Membre ou de tout utilisateur (Internet Explorer, Netscape, etc.), le type de syst\u00e8me d&#8217;exploitation utilis\u00e9 (Mac OS X, Windows XP, etc.) et l&#8217;adresse IP de l&#8217;ordinateur utilis\u00e9.\u00a0<\/p><p>Les informations relatives aux castings et concours sont accessibles sur le Site. En outre, elles sont susceptibles d&#8217;\u00eatre diffus\u00e9es par nos soins ou par le biais de nos partenaires aupr\u00e8s de personnes int\u00e9ress\u00e9es, par le biais de newsletters ou de sites Web tiers ou par toute voie de communication \u00e9lectronique (e-mail, SMS, etc.) ou audiovisuelle (radio, t\u00e9l\u00e9vision, etc.), ou de presse (journaux, revues, etc.), afin d&#8217;accro\u00eetre vos chances de rencontres en faisant la promotion de vos annonces et pr\u00e9sentation. En cons\u00e9quence, vous autorisez express\u00e9ment le Site \u00e0 reproduire et diffuser les informations composant vos pr\u00e9sentations (informations, description, images, etc.) sur tout ou partie du Site et\/ou sur tous supports et moyens de diffusion, notamment de communication audiovisuelle (presse, radio, t\u00e9l\u00e9vision hertzienne, num\u00e9rique, par c\u00e2ble ou satellite) ou \u00e9lectronique (e-mail SMS, Internet, wap, imode, pocket pc, palm, etc.), pour le monde entier et pour la dur\u00e9e des contrats avec le Site. En outre, le vous autorisez express\u00e9ment le Site \u00e0 transmettre le b\u00e9n\u00e9fice des droits pr\u00e9c\u00e9demment vis\u00e9s aux partenaires du Site. Si vous ne souhaitez plus que le Site ou ses partenaires reproduisent ou diffusent les informations composant vos pr\u00e9sentations, vous pouvez r\u00e9silier l\u2019autorisation des donn\u00e9es en suivant les conditions pr\u00e9vues au R\u00e8glement du casting ou aux Conditions G\u00e9n\u00e9rales du concours Top Model International. S&#8217;agissant des informations composant vos pr\u00e9sentations publi\u00e9es sur nos supports de communication, la r\u00e9siliation ne produira des effets qu&#8217;\u00e0 compter de la prochaine mise \u00e0 jour ou \u00e9dition des supports de communication (imprim\u00e9e, par voie de presse, audiovisuelle ou num\u00e9rique) comportant les informations concern\u00e9es.\u00a0<\/p><p>Les autres donn\u00e9es ne seront trait\u00e9es que dans le but de b\u00e9n\u00e9ficier d\u2019offres de l\u2019\u00c9diteur ou de ses partenaires, pour le service client\u00e8le de l\u2019\u00c9diteur, son administration technique, pour qu\u2019il communique avec l\u2019Utilisateur, dans le cadre de mesures de marketing et pour recommander aux Utilisateurs des services qui pourraient les int\u00e9resser. L\u2019Utilisateur consent \u00e0 ce que l\u2019\u00c9diteur traite et utilise ses donn\u00e9es personnelles \u00e0 des fins publicitaires pour lui faire parvenir notamment par e-mail, SMS ou par courrier, des communiqu\u00e9s de marketing dans les domaines en lien avec le pr\u00e9sent Site.\u00a0\u00a0<\/p><p>Les donn\u00e9es collect\u00e9es ne seront pas utilis\u00e9es \u00e0 d&#8217;autres fins et ne seront pas conserv\u00e9es dans les syst\u00e8mes du Site au-del\u00e0 de la p\u00e9riode n\u00e9cessaire \u00e0 la r\u00e9alisation de cet objectif. La communication des donn\u00e9es est facultative mais certains outils du Site ne peuvent produire de r\u00e9sultats que si ces donn\u00e9es sont fournies.<\/p><p>L\u2019\u00c9diteur pourra n\u00e9anmoins transmettre ces donn\u00e9es \u00e0 ses employ\u00e9s ainsi qu&#8217;aux autorit\u00e9s \u00e9tatiques ou autres parties tierces dans le respect des dispositions l\u00e9gales.<\/p><p>L&#8217;adresse IP de l\u2019ordinateur de l\u2019Utilisateur est automatiquement enregistr\u00e9e par le syst\u00e8me. Cette information n\u2019identifie pas l\u2019Utilisateur personnellement qui reste anonyme, sauf s\u2019il a lui-m\u00eame fourni des donn\u00e9es.<\/p><p>L\u2019\u00c9diteur prend toutes les mesures de pr\u00e9caution afin d&#8217;assurer la s\u00e9curit\u00e9 des donn\u00e9es. Cependant, il ne peut \u00e9carter tous les risques li\u00e9s \u00e0 l&#8217;utilisation d&#8217;Internet. Ainsi, lors de la communication des donn\u00e9es, l\u2019Utilisateur est conscient que d&#8217;autres Utilisateurs de l&#8217;internet peuvent \u00e9ventuellement parvenir \u00e0 visualiser ces donn\u00e9es.<\/p><p>Vos donn\u00e9es sont conserv\u00e9es pendant la p\u00e9riode n\u00e9cessaire pour r\u00e9aliser la finalit\u00e9 du traitement.<\/p><p>Vous disposez du droit de demander l\u2019acc\u00e8s \u00e0 vos donn\u00e9es, la rectification des donn\u00e9es incorrectes ou incompl\u00e8tes ou d\u2019effacer vos donn\u00e9es. Un tel effacement de donn\u00e9es n\u2019est pas possible si le traitement de vos donn\u00e9es est n\u00e9cessaire pour la justification de ou la d\u00e9fense dans le cadre d\u2019une action en justice.<\/p><p>Dans certains cas, vous avez le droit \u00e0 la limitation du traitement, notamment si vous contestez l\u2019exactitude des donn\u00e9es, si le traitement est ill\u00e9gitime et que vous vous opposez \u00e0 l\u2019effacement des donn\u00e9es, et si vous avez besoin des donn\u00e9es pour l\u2019introduction, l\u2019exercice ou la justification d\u2019une action en justice alors que nous n\u2019avons plus besoin des donn\u00e9es \u00e0 des finalit\u00e9s de traitement. Le cas \u00e9ch\u00e9ant, nous ne ferons que conserver vos donn\u00e9es.<\/p><p>Vous avez le droit d\u2019obtenir les donn\u00e9es qui vous concernent et que vous avez fournies \u00e0 nous, ou de les transmettre \u00e0 un autre responsable de traitement. Une telle r\u00e9ception ou transmission n\u2019est pas possible si le traitement de vos donn\u00e9es est n\u00e9cessaire pour l\u2019exercice de ou la d\u00e9fense dans le cadre d\u2019une action en justice.<\/p><p>Vous avez le droit de ne pas \u00eatre soumis \u00e0 une d\u00e9cision individuel bas\u00e9e sur un traitement automatis\u00e9 si cela entra\u00eene pour vous des cons\u00e9quences juridiques ou si cela vous touche de mani\u00e8re consid\u00e9rable. Cela n\u2019est pas possible si cette d\u00e9cision repose sur votre consentement.<\/p><p>Vous avez un droit de l\u2019opposition au traitement de vos donn\u00e9es (1) qui est n\u00e9cessaire pour nos int\u00e9r\u00eats l\u00e9gitimes, \u00e0 condition qu\u2019il soit question de motifs sp\u00e9cifiquement li\u00e9s \u00e0 votre situation et (2) au profit du marketing direct. Une telle opposition n\u2019est pas possible si le traitement de vos donn\u00e9es est n\u00e9cessaire \u00e0 l\u2019ex\u00e9cution de la convention.<\/p><p>Il suffit pour ce faire d&#8217;adresser une demande \u00e9crite en ce sens \u00e0 l&#8217;adresse suivante : <a href=\"mailto:office@topmodelinternational.com\">office@topmodelinternational.com<\/a> l\u2019\u00c9diteur modifiera et mettra ses informations \u00e0 jour en cons\u00e9quence.<\/p><p>Si vous estimez, apr\u00e8s nous avoir contact\u00e9s, que vos droits ne sont pas respect\u00e9s, vous pouvez adresser une r\u00e9clamation \u00e0 la <u>CNIL.<\/u><\/p><p>Nous avons d\u00e9velopp\u00e9 des mesures de s\u00e9curit\u00e9 adapt\u00e9es sur les plans technique et organisationnel, afin d\u2019\u00e9viter la destruction, la perte, la falsification, la modification, l\u2019acc\u00e8s non autoris\u00e9 ou la notification accidentelle \u00e0 des tiers de vos donn\u00e9es collect\u00e9es sur notre site Web ou de toute autre mani\u00e8re, ainsi que tout autre traitement non autoris\u00e9 de vos donn\u00e9es.<\/p><p>En aucun cas, nous ne pouvons \u00eatre tenu responsable de dommages directs ou indirects r\u00e9sultant d\u2019une utilisation fautive ou ill\u00e9gitime par un tiers de vos donn\u00e9es.<\/p><p>Il est possible que la pr\u00e9sente d\u00e9claration de confidentialit\u00e9 soit \u00e9tendue ou adapt\u00e9e \u00e0 l\u2019avenir, par exemple si de nouvelles \u00e9volutions surviennent. C\u2019est pourquoi nous vous recommandons de consulter r\u00e9guli\u00e8rement la pr\u00e9sente d\u00e9claration de confidentialit\u00e9.<\/p><\/div>\n\t\t\t\t\t\t\t\t\t<div class=\"elementor-tab-title elementor-tab-mobile-title\" aria-selected=\"false\" data-tab=\"2\" role=\"tab\" tabindex=\"-1\" aria-controls=\"elementor-tab-content-9762\" aria-expanded=\"false\">Nederlands<\/div>\n\t\t\t\t\t<div id=\"elementor-tab-content-9762\" class=\"elementor-tab-content elementor-clearfix\" data-tab=\"2\" role=\"tabpanel\" aria-labelledby=\"elementor-tab-title-9762\" tabindex=\"0\" hidden=\"hidden\"><p>PRIVACYBELEID<\/p><p>De website TOP MODEL INTERNATIONAL (www.topmodelinternational.com) wordt gepubliceerd door VIP EVENTS SAINT-TROPEZ SARL. VIP EVENTS SAINT-TROPEZ SARL is verantwoordelijk voor de verwerking van uw persoonlijke gegevens.<\/p><p>Alle persoonsgegevens die op de Site worden meegedeeld, worden verwerkt in overeenstemming met de relevante nationale regelgeving.<\/p><p>De Site verwerkt uw persoonsgegevens in overeenstemming met Verordening (EU) 2016\/679 van het Europees Parlement en de Raad van 27 april 2016 betreffende de bescherming van natuurlijke personen in verband met de verwerking van persoonsgegevens en betreffende het vrije verkeer van die gegevens en tot intrekking van Richtlijn 95\/46\/EG (Algemene Verordening Gegevensbescherming).<br \/>De rechtsgrondslag voor de verwerking is de relatie tussen de Uitgever en de aanvrager van de door de Uitgever georganiseerde casting en wedstrijden in overeenstemming met ons Reglement voor zover het verzamelen van gegevens verplicht is voor deelname aan de casting en wedstrijd en voor de uitvoering van toekomstige contracten. De verzamelde persoonsgegevens kunnen bestaan uit uw naam, post- en\/of e-mailadres, telefoon- en\/of mobiel nummer, bankgegevens, informatie over uw fysieke verschijning, foto, stemmelding, video, interesses en gebruik van de dienst.<\/p><p>Bovendien kan de gebruiker van de site (www.topmodelinternational.com) worden gevraagd bepaalde gegevens te verstrekken, zoals naam, postadres, e-mailadres, telefoonnummer, en andere gegevens zoals land en gemeente van verblijf of andere informatie die de gebruiker kan aangeven op de daartoe bestemde formulieren. Er kunnen bepaalde niet-persoonlijke gegevens worden verzameld, zoals de versie van de browser van het Lid of van elke gebruiker (Internet Explorer, Netscape, enz.), het type besturingssysteem dat wordt gebruikt (Mac OS X, Windows XP, enz.) en het IP-adres van de gebruikte computer.<\/p><p>Informatie met betrekking tot castings en wedstrijden is toegankelijk op de Site. Bovendien kunnen ze door ons of door onze partners worden verspreid onder ge\u00efnteresseerden, via nieuwsbrieven of websites van derden of via elk elektronisch (e-mail, SMS, enz.) of audiovisueel (radio, televisie, enz.) communicatiekanaal, of in de pers (kranten, tijdschriften, enz.), om uw kansen om mensen te ontmoeten te vergroten door uw advertenties en presentatie te promoten. Bijgevolg geeft u de Site uitdrukkelijk toestemming om de informatie die deel uitmaakt van uw presentaties (informatie, beschrijving, beelden, enz.) te reproduceren en te verspreiden op de hele Site of een deel ervan en\/of op alle media en verspreidingsmiddelen, met name audiovisuele communicatie (pers, radio, hertzische, digitale, kabel- of satelliettelevisie) of elektronische communicatie (SMS e-mail, internet, wap, imode, pocket pc, palm, enz.), voor de hele wereld en voor de duur van de contracten met de Site. Bovendien machtigt u de Site uitdrukkelijk om het voordeel van de bovenvermelde rechten over te dragen aan de partners van de Site. Indien u niet langer wenst dat de Site of zijn partners de informatie die deel uitmaakt van uw inzendingen reproduceren of verspreiden, kunt u de toelating van de gegevens be\u00ebindigen door de voorwaarden na te leven die in het Castingreglement of in de Algemene Voorwaarden van de wedstrijd Top Model International zijn bepaald. Met betrekking tot de informatie waaruit uw voorstellingen bestaan die op onze communicatiemedia worden gepubliceerd, zal de be\u00ebindiging pas van kracht worden vanaf de volgende update of uitgave van de communicatiemedia (gedrukt, pers, audiovisueel of digitaal) die de betrokken informatie bevatten.<\/p><p>Andere gegevens worden alleen verwerkt om aanbiedingen van de Uitgever of zijn partners te ontvangen, voor de klantenservice van de Uitgever, de technische administratie, om met de Gebruiker te communiceren, voor marketingdoeleinden en om de Gebruiker diensten aan te bevelen die voor hem\/haar interessant kunnen zijn. De Gebruiker gaat ermee akkoord dat de Uitgever zijn\/haar persoonlijke gegevens kan verwerken en gebruiken voor reclamedoeleinden, met name om hem\/haar per e-mail, SMS of post marketingberichten te sturen op gebieden die verband houden met deze Site.<\/p><p><br \/>De verzamelde gegevens zullen voor geen enkel ander doel worden gebruikt en zullen niet langer op de systemen van de Site worden bewaard dan nodig is om dit doel te bereiken. Het verstrekken van gegevens is optioneel, maar bepaalde tools op de Site kunnen alleen resultaten opleveren als dergelijke gegevens worden verstrekt.<\/p><p>De Uitgever kan deze gegevens echter doorgeven aan zijn werknemers alsmede aan overheidsinstanties of andere derden in overeenstemming met de wettelijke bepalingen.<\/p><p>Het IP-adres van de computer van de Gebruiker wordt automatisch door het systeem geregistreerd. Deze informatie identificeert de Gebruiker niet persoonlijk en de Gebruiker blijft anoniem, tenzij hij of zij gegevens heeft verstrekt.<\/p><p>De Uitgever neemt alle voorzorgsmaatregelen om de veiligheid van de gegevens te waarborgen. Hij kan echter niet alle risico&#8217;s in verband met het gebruik van het internet uitsluiten. Zo is de gebruiker zich er bij het doorgeven van gegevens van bewust dat andere internetgebruikers deze gegevens kunnen inzien.<\/p><p>Uw gegevens worden bewaard gedurende de periode die nodig is om het doel van de verwerking te bereiken.<\/p><p>U heeft het recht om toegang tot uw gegevens te vragen, onjuiste of onvolledige gegevens te laten corrigeren of uw gegevens te laten verwijderen. Deze verwijdering van gegevens is niet mogelijk indien de verwerking van uw gegevens noodzakelijk is voor de rechtvaardiging van of verdediging in een rechtszaak.<\/p><p>In bepaalde gevallen hebt u het recht de verwerking te beperken, met name als u de juistheid van de gegevens betwist, als de verwerking onwettig is en u bezwaar maakt tegen het wissen van de gegevens, en als u de gegevens nodig hebt voor het instellen, uitoefenen of onderbouwen van een rechtsvordering terwijl wij de gegevens niet langer nodig hebben voor verwerkingsdoeleinden. In dat geval bewaren wij uw gegevens alleen.<\/p><p>U hebt het recht om de gegevens die op u betrekking hebben en die u ons hebt verstrekt, te ontvangen of aan een andere verantwoordelijke voor de verwerking door te geven. Een dergelijke ontvangst of overdracht is niet mogelijk indien de verwerking van uw gegevens noodzakelijk is voor de uitoefening van of de verdediging in een rechtszaak.<\/p><p>U hebt het recht niet te worden onderworpen aan een individueel besluit op basis van geautomatiseerde verwerking indien dit rechtsgevolgen voor u heeft of indien het u aanzienlijk treft. Dit is niet mogelijk als dit besluit is gebaseerd op uw toestemming.<\/p><p>U hebt het recht bezwaar te maken tegen de verwerking van uw gegevens (1) die noodzakelijk is voor onze legitieme belangen, mits dit gebeurt om redenen die specifiek verband houden met uw situatie en (2) met het oog op direct marketing. Een dergelijk bezwaar is niet mogelijk indien de verwerking van uw gegevens noodzakelijk is voor de uitvoering van de overeenkomst.<\/p><p>Dit kan door een schriftelijk verzoek te sturen naar het volgende adres: office@topmodelinternational.com. De Uitgever zal zijn informatie dienovereenkomstig aanpassen en bijwerken.<\/p><p>Indien u na contact met ons van mening bent dat uw rechten niet zijn gerespecteerd, kunt u een klacht indienen bij de CNIL.<\/p><p>Wij hebben passende technische en organisatorische veiligheidsmaatregelen ontwikkeld om de vernietiging, het verlies, de vervalsing, de wijziging, de ongeoorloofde toegang of de toevallige mededeling aan derden van uw op onze website of op enige andere wijze verzamelde gegevens te voorkomen, evenals elke andere ongeoorloofde verwerking van uw gegevens.<\/p><p>In geen geval zijn wij aansprakelijk voor enige directe of indirecte schade als gevolg van onrechtmatig of onwettig gebruik van uw gegevens door een derde.<\/p><p>Het is mogelijk dat deze privacyverklaring in de toekomst wordt uitgebreid of aangepast, bijvoorbeeld als zich nieuwe ontwikkelingen voordoen. Wij raden u daarom aan deze privacyverklaring regelmatig te raadplegen.<\/p><\/div>\n\t\t\t\t\t\t\t<\/div>\n\t\t<\/div>\n\t\t\t\t\t\t<\/div>\n\t\t\t\t<\/div>\n\t\t\t\t\t<\/div>\n\t\t<\/div>\n\t\t\t\t\t<\/div>\n\t\t<\/section>\n\t\t\t\t<\/div>\n\t\t","protected":false},"excerpt":{"rendered":"<p>Politique vie priv\u00e9e \/ Politique vie priv\u00e9e Fran\u00e7ais Nederlands Fran\u00e7ais Politique vie priv\u00e9e Le site TOP MODEL INTERNATIONAL (www.topmodelinternational.com) est \u00e9dit\u00e9 par VIP EVENTS SAINT-TROPEZ SARL. La VIP EVENTS SAINT-TROPEZ SARLest responsable du traitement de vos donn\u00e9es personnelles. Les \u00e9ventuelles donn\u00e9es \u00e0 caract\u00e8re personnel communiqu\u00e9es sur le Site sont trait\u00e9es en conformit\u00e9 avec la r\u00e9glementation&#8230;<\/p>\n","protected":false},"author":1,"featured_media":0,"parent":603,"menu_order":0,"comment_status":"closed","ping_status":"closed","template":"","meta":{"footnotes":""},"class_list":["post-608","page","type-page","status-publish","hentry"],"aioseo_notices":[],"_links":{"self":[{"href":"https:\/\/castingsonline.topmodelinternationalofficial.com\/index.php\/wp-json\/wp\/v2\/pages\/608","targetHints":{"allow":["GET"]}}],"collection":[{"href":"https:\/\/castingsonline.topmodelinternationalofficial.com\/index.php\/wp-json\/wp\/v2\/pages"}],"about":[{"href":"https:\/\/castingsonline.topmodelinternationalofficial.com\/index.php\/wp-json\/wp\/v2\/types\/page"}],"author":[{"embeddable":true,"href":"https:\/\/castingsonline.topmodelinternationalofficial.com\/index.php\/wp-json\/wp\/v2\/users\/1"}],"replies":[{"embeddable":true,"href":"https:\/\/castingsonline.topmodelinternationalofficial.com\/index.php\/wp-json\/wp\/v2\/comments?post=608"}],"version-history":[{"count":25,"href":"https:\/\/castingsonline.topmodelinternationalofficial.com\/index.php\/wp-json\/wp\/v2\/pages\/608\/revisions"}],"predecessor-version":[{"id":721,"href":"https:\/\/castingsonline.topmodelinternationalofficial.com\/index.php\/wp-json\/wp\/v2\/pages\/608\/revisions\/721"}],"up":[{"embeddable":true,"href":"https:\/\/castingsonline.topmodelinternationalofficial.com\/index.php\/wp-json\/wp\/v2\/pages\/603"}],"wp:attachment":[{"href":"https:\/\/castingsonline.topmodelinternationalofficial.com\/index.php\/wp-json\/wp\/v2\/media?parent=608"}],"curies":[{"name":"wp","href":"https:\/\/api.w.org\/{rel}","templated":true}]}}